{"id":139,"date":"2024-03-07T18:26:45","date_gmt":"2024-03-07T18:26:45","guid":{"rendered":"https:\/\/parroquiasanjoselapoza.org\/parroquia\/?page_id=139"},"modified":"2024-03-15T18:47:34","modified_gmt":"2024-03-15T18:47:34","slug":"servicios-parroquiales","status":"publish","type":"page","link":"https:\/\/parroquiasanjoselapoza.org\/parroquia\/index.php\/servicios-parroquiales\/","title":{"rendered":"Servicios Parroquiales"},"content":{"rendered":"\n<h2 class=\"wp-block-heading is-style-decor3 has-background\" style=\"background:linear-gradient(135deg,rgba(209,227,7,0.38) 0%,rgba(153,224,81,0.65) 100%)\"><a href=\"https:\/\/parroquiasanjoselapoza.org\/parroquia\/index.php\/misas\/\" data-type=\"page\" data-id=\"142\">Misas<\/a><\/h2>\n\n\n\n<h2 class=\"wp-block-heading is-style-decor3 has-background\" style=\"background:linear-gradient(135deg,rgba(209,227,7,0.38) 0%,rgba(153,224,81,0.65) 100%)\"><a href=\"https:\/\/parroquiasanjoselapoza.org\/parroquia\/index.php\/servicios-parroquiales\/confesiones\/\" data-type=\"page\" data-id=\"152\">Confesiones<\/a><\/h2>\n\n\n\n<h2 class=\"wp-block-heading is-style-decor3 has-background\" style=\"background:linear-gradient(135deg,rgba(209,227,7,0.38) 0%,rgba(153,224,81,0.65) 100%)\"><a href=\"https:\/\/parroquiasanjoselapoza.org\/parroquia\/index.php\/servicios-parroquiales\/bautizos\/\" data-type=\"page\" data-id=\"156\">Bautizo<\/a><\/h2>\n\n\n\n<h2 class=\"wp-block-heading is-style-decor3 has-background\" style=\"background:linear-gradient(135deg,rgba(209,227,7,0.38) 0%,rgba(153,224,81,0.65) 100%)\">Primera Comuni\u00f3n<\/h2>\n\n\n\n<h2 class=\"wp-block-heading is-style-decor3 has-background\" style=\"background:linear-gradient(135deg,rgba(209,227,7,0.38) 0%,rgba(153,224,81,0.65) 100%)\">Confirmaci\u00f3n<\/h2>\n\n\n\n<h2 class=\"wp-block-heading is-style-decor3 has-background\" style=\"background:linear-gradient(135deg,rgba(209,227,7,0.38) 0%,rgba(153,224,81,0.65) 100%)\"><a href=\"https:\/\/parroquiasanjoselapoza.org\/parroquia\/index.php\/servicios-parroquiales\/bodas\/\" data-type=\"page\" data-id=\"154\">Matrimonio<\/a><\/h2>\n\n\n\n<h2 class=\"wp-block-heading is-style-decor3 has-background\" style=\"background:linear-gradient(135deg,rgba(209,227,7,0.38) 0%,rgba(153,224,81,0.65) 100%)\">XV A\u00f1os<\/h2>\n\n\n\n<h2 class=\"wp-block-heading is-style-decor3 has-background\" style=\"background:linear-gradient(135deg,rgba(209,227,7,0.38) 0%,rgba(153,224,81,0.65) 100%)\"><a href=\"https:\/\/parroquiasanjoselapoza.org\/parroquia\/index.php\/servicios-parroquiales\/solicitud-de-boletas-sacramentales-reposiciones\/\" data-type=\"page\" data-id=\"172\">Solicitud de Boletas Sacramentales (Reposici\u00f3n)<\/a><\/h2>\n","protected":false},"excerpt":{"rendered":"<p>Misas Confesiones Bautizo Primera Comuni\u00f3n Confirmaci\u00f3n Matrimonio XV A\u00f1os Solicitud de Boletas Sacramentales (Reposici\u00f3n)<\/p>\n","protected":false},"author":2,"featured_media":0,"parent":0,"menu_order":0,"comment_status":"closed","ping_status":"closed","template":"","meta":{"footnotes":""},"class_list":["post-139","page","type-page","status-publish","hentry","no-post-thumbnail"],"jetpack_sharing_enabled":true,"_links":{"self":[{"href":"https:\/\/parroquiasanjoselapoza.org\/parroquia\/index.php\/wp-json\/wp\/v2\/pages\/139","targetHints":{"allow":["GET"]}}],"collection":[{"href":"https:\/\/parroquiasanjoselapoza.org\/parroquia\/index.php\/wp-json\/wp\/v2\/pages"}],"about":[{"href":"https:\/\/parroquiasanjoselapoza.org\/parroquia\/index.php\/wp-json\/wp\/v2\/types\/page"}],"author":[{"embeddable":true,"href":"https:\/\/parroquiasanjoselapoza.org\/parroquia\/index.php\/wp-json\/wp\/v2\/users\/2"}],"replies":[{"embeddable":true,"href":"https:\/\/parroquiasanjoselapoza.org\/parroquia\/index.php\/wp-json\/wp\/v2\/comments?post=139"}],"version-history":[{"count":8,"href":"https:\/\/parroquiasanjoselapoza.org\/parroquia\/index.php\/wp-json\/wp\/v2\/pages\/139\/revisions"}],"predecessor-version":[{"id":175,"href":"https:\/\/parroquiasanjoselapoza.org\/parroquia\/index.php\/wp-json\/wp\/v2\/pages\/139\/revisions\/175"}],"wp:attachment":[{"href":"https:\/\/parroquiasanjoselapoza.org\/parroquia\/index.php\/wp-json\/wp\/v2\/media?parent=139"}],"curies":[{"name":"wp","href":"https:\/\/api.w.org\/{rel}","templated":true}]}}